 divided by z?
25
Calculate the remainder when -314*((-51)/(-6) + -10) is divided by 45.
21
Let y(x) = -40*x - 911. Let r(n) = -n**2 - 10*n - 1. What is the remainder when y(-24) is divided by r(-7)?
9
Suppose 3*b - 2*v - 116 = 390, -b + 174 = -2*v. Let u = b + -95. Let m = u + -57. Calculate the remainder when 26 is divided by m.
12
What is the remainder when (2046 + -107)*1/7 is divided by 22?
13
Suppose -5*m + 2*z = 4*z + 10, 0 = -4*m + 3*z + 15. Let d(p) = p**3 + p**2 - 3*p + 5. Calculate the remainder when 7 is divided by d(m).
2
Let b = -8395 - -8593. What is the remainder when b is divided by 21?
9
What is the remainder when 16 - (-44 + 3)*5 is divided by 72?
5
Suppose 4*g - 447 = 4*n - 5*n, 2*n - 2*g - 924 = 0. Suppose -6*h + n = -3*h. Calculate the remainder when h/6 + 1/(-2) is divided by 7.
4
Let j(p) = p**3 + 8*p**2 - 26*p - 27. Let k(b) = -4*b + 84. Let v be k(23). Calculate the remainder when j(v) is divided by 23.
20
Let s(o) = -o**3 + 56*o**2 - 55*o + 385. What is the remainder when s(55) is divided by 34?
11
Suppose 90 = -32*m + 17*m. What is the remainder when ((-9)/m)/(15/(-55))*-8 is divided by 42?
2
Let w(n) = -6*n + 16. Let p = -134 + 74. Let c = 60 + p. What is the remainder when 60 is divided by w(c)?
12
Suppose 6*z - 8*z - 2*z = -2968. What is the remainder when z is divided by 105?
7
Suppose 105*y - 11861 = 76*y. Calculate the remainder when y is divided by 129.
22
Let m be 12/(-24)*-2*3*-43. Let l = -119 - m. Suppose 195 = 2*x + 3*x. What is the remainder when x is divided by l?
9
Let j(d) = -60*d + 289. Calculate the remainder when 317 is divided by j(4).
23
Let x be 14364/36*(1 - 2). Let f = -390 - x. Calculate the remainder when 467 is divided by f.
8
Let v(i) = -5*i**3 - 2*i - 1. Suppose -33*g - 5 = -28*g. Let z be v(g). Let w(p) = 3*p**2 - 13*p - 10. Calculate the remainder when 77 is divided by w(z).
17
Let u be (-6)/(396/55) - (-32038)/12. Let g = u - 1861. What is the remainder when g is divided by 18?
16
Let m(v) = -3*v**3 - 5*v**2 + 6*v - 3. Let a = -32 + 34. Let x be m(a). Let s = 77 + x. Calculate the remainder when s is divided by 15.
12
Let u(f) = f**2 - 13*f + 17. Let y be u(12). Suppose -16 = z + 3*z, y*t + 2*z - 32 = 0. Suppose 109 = t*x - 19. What is the remainder when 60 is divided by x?
12
Let b = 741 + -732. Let u be -1 + (1 - 2) - -6. Suppose -3*g = -2*z + 5*z - 111, 0 = u*g + 5*z - 151. What is the remainder when g is divided by b?
7
Let g = -1 + 5. Suppose 2*w = -5*i + 15, -4*i + g*w + 12 = -w. Suppose 0 = -i*o + 3*p + 60, -p = 3*p + 12. What is the remainder when 30 is divided by o?
13
Let r = 73 + -45. Suppose -90*b + 9709 = -6783 + 4162. What is the remainder when b is divided by r?
25
Let a(x) = x**3 - 10*x**2 + 18*x + 44. Let p(n) = -n**3 - n**2 - n + 11. What is the remainder when a(8) is divided by p(0)?
5
Let z(y) = -y**2 - 20*y + 175. Let d = 157 - 108. Calculate the remainder when z(-19) is divided by d.
47
Let p = 179 - 176. Let u(o) = -o**3 - 15*o**2 + 2. Let n = 21 - 36. What is the remainder when p is divided by u(n)?
1
What is the remainder when 8/14 - 1407900/(-3325) is divided by 30?
4
Suppose 0 = x + 3*c + 29, -4*c + 2*c + 46 = -4*x. Let k(f) = 8*f + 120. What is the remainder when 44 is divided by k(x)?
4
Suppose 32*l = 13081 + 23975. What is the remainder when 1160 is divided by l?
2
Calculate the remainder when 1641 is divided by (9 - 1)*(-6996)/(-1056).
51
Suppose 24 = 30*i - 66. Suppose 2*n + 3*z = -i*n + 276, 3*n = -z + 168. What is the remainder when n is divided by 44?
13
Let x(t) = 10*t**2 + 7*t - 18. Let l be (-9)/(-1) - (-1 + 0 - -5). What is the remainder when x(l) is divided by 54?
51
Suppose 2*y - 18 = -4*a, y + 7*a = 6*a + 6. Suppose -4*c - 152 = 2*h, 48 = -0*c - c - y*h. Calculate the remainder when 39 is divided by c*((-6)/9)/2.
3
Suppose 0 = 3*f - 7 - 8. Let u be (-16)/4 + 1 - 152/(-19). Suppose -2*k - u*c - 65 = -6*k, 4*k - 89 = -3*c. What is the remainder when k is divided by f?
0
Suppose 2*o - 14 = 3*h - 0*o, -4*h + 5*o - 14 = 0. Let x be 2 - ((-1)/2)/(h/(-636)). Let k = 58 - x. What is the remainder when 9 is divided by k?
0
Suppose 18*i + 125*i - 4160 = 6851. What is the remainder when 383 is divided by i?
75
Let y(k) be the first derivative of 7*k**2 + k - 48. Calculate the remainder when y(6) is divided by 46.
39
Let z be (-2 - -1)/((-1)/12). Let w be -1*(132 + 6) - -4. What is the remainder when 1/((-4)/z) - w is divided by 44?
43
Suppose 4*m - 3*g = 210, 0*m - 4*g = m - 62. Suppose 101*c + 2850 = 82*c. What is the remainder when m is divided by c/(-11) - (-420)/1155?
12
Let i = 1232 - 1199. Calculate the remainder when 408 is divided by i.
12
Let b = -1378 - -1373. Suppose 5*i - 2*p = 66, i + 2*i + 3*p = 48. Let s = b + i. What is the remainder when 32 is divided by s?
5
Calculate the remainder when 156 is divided by ((10/(-14))/(45/105))/((-10)/126).
9
Let q = -13111 - -13168. What is the remainder when 8092 is divided by q?
55
Let f be (-10)/15*6 - (-10 - -2). What is the remainder when 0 - -25 - f/(-2) is divided by 3/((-12)/(-31)) - (-66)/(-88)?
6
Suppose -83 = 3*s + 5*w - 597, s = 3*w + 162. What is the remainder when 824 is divided by s?
152
Let f(n) = -3*n + 61. Let x(a) = 3*a**3 + 10*a**2 + 3*a + 6. Let t be x(-3). Calculate the remainder when f(t) is divided by 12.
7
Let r = -25784 - -25839. What is the remainder when 818 is divided by r?
48
Let r(t) = -405*t + 2563. Calculate the remainder when r(-11) is divided by 54.
52
Let t = 677 - 673. Suppose -13*j - 210 = -t*c - 11*j, -2*j + 222 = 4*c. Let s = -727 + 1103. What is the remainder when s is divided by c?
52
Calculate the remainder when 213 is divided by (-84)/4*5*-2.
3
Let a(q) = -68*q - 1542. What is the remainder when 835 is divided by a(-23)?
21
What is the remainder when -1 + 77/(4/3*(-9)/(-36)) is divided by 34?
26
What is the remainder when 131/((-51)/(-651) + 32/496) is divided by 180?
17
Suppose 67*y - 38*y - 32*y = -414. What is the remainder when y is divided by 46?
0
Suppose 42*a - 692 = -62. Suppose -3*q = -29 - 16. What is the remainder when (-436)/(-10) - 9/q is divided by a?
13
Let d be 28 + 12/4 + -5 + 2. Let v(a) = -a**2 - 50*a + d*a + 32*a - 1. What is the remainder when 91 is divided by v(4)?
22
Suppose 5*x = 5*k - 40, -2*x - 8 = k - 5*k. Calculate the remainder when ((-128)/(-24))/((-1)/(-9)) is divided by ((-3)/x)/((2 + 0)/56).
6
Let s = 93 - 93. Suppose -3*y + 5*l + 72 = 3*l, s = -2*y - 3*l + 61. Suppose -25 + 197 = 4*n. What is the remainder when n is divided by y?
17
Suppose -3*o + 1 + 11 = 0. Suppose 3*x + 84 = o*b, 6*b + 5*x = b + 70. What is the remainder when 250 is divided by b?
16
Let m(i) = -2*i**3 - 4*i**2 + 5. Let w be 0 - -1 - (3 - -1). Calculate the remainder when 223 is divided by m(w).
16
Suppose 10*g - 8*g = 488. Let s = g - 217. What is the remainder when 159 is divided by s?
24
Suppose -1200 = -31*h - 29*h. Suppose 3*t = q - 96, 6 = 3*q - 3*t - 294. Let r = q + -51. Calculate the remainder when r is divided by h.
11
Suppose -4*c - 4*x + 5931 - 2319 = 0, 5*c - 4515 = 4*x. Calculate the remainder when c is divided by 2.
1
Suppose 5*p - 1883 = 3*l + 6*p, -l + 5*p = 617. Let r = -336 - l. Let t = -153 + r. What is the remainder when t is divided by 35?
33
Suppose 14*f = 19*f - 7*f. Suppose f = 9*s - 682 - 2189. Calculate the remainder when s is divided by 17.
13
Let g(a) = -a**2 + 23*a - 76. Let w be (-6)/9*((-153)/(-6))/(-1). Calculate the remainder when 120 is divided by g(w).
16
Let d(g) = 25 + 34 + 66 - 6*g - 34. Calculate the remainder when 86 is divided by d(13).
8
Let t be (-2*(-753)/(-4))/((-6)/12). Let i = 3 + 35. Calculate the remainder when t/4 - 22/88 is divided by i.
36
Suppose 0 = 8*n - 3*n - 2*f - 667, -2*n + f + 267 = 0. Let h = n - 30. Suppose -5*k = -189 + 14. What is the remainder when h is divided by k?
33
Calculate the remainder when 281 is divided by (-13 - -27)/((-4)/(-64)).
57
Let x = -18469 - -18727. What is the remainder when 471 is divided by x?
213
Let a = 192 + -192. Calculate the remainder when 52 is divided by ((-18)/(-4) - a)/((-51)/(-306)).
25
Suppose -11*w + 12*w + 2 = o, 0 = -2*o - 3*w + 19. What is the remainder when 119 is divided by o?
4
Suppose -2*d - 5*x + 171 = 2*d, -d = -3*x - 30. Let y = d - 14. Let i =